{"id":1060,"date":"2024-09-30T12:12:52","date_gmt":"2024-09-30T12:12:52","guid":{"rendered":"https:\/\/www.deco-fleur.de\/?page_id=1060"},"modified":"2024-09-30T12:33:27","modified_gmt":"2024-09-30T12:33:27","slug":"buchung","status":"publish","type":"page","link":"https:\/\/www.deco-fleur.de\/?page_id=1060","title":{"rendered":"Buchung"},"content":{"rendered":"\n<p><em>Hier K\u00f6nnen Sie Einen Termin f\u00fcr die Beratung zu Ihrer Hochzeit, die Taufe des Kindes, Die Beerdigung ihrer Liebsten und Angeh\u00f6rigen,<\/em> <em>die Konfirmation , Kommunion und Firmung, oder ein Firmenevent\/Feier oder selbst den Geburtstag einet Tollen Person mit Planen<\/em>. Bitte Beachten Sie das wir uns F\u00fcr die Beratung die ja auch zeit in Anspruch nimmt einen kleinen kosten Beitrag erheben werden. Falls Sie Fragen dazuhaben k\u00f6nnen sie mich gerne dazu Kontaktieren<\/p>\n\n\n\n<p><\/p>\n\n\n\n<div class=\"wp-block-buttons is-layout-flex wp-block-buttons-is-layout-flex\">\n<div class=\"wp-block-button is-style-fill\"><a class=\"wp-block-button__link has-text-align-center wp-element-button\" href=\"https:\/\/www.sumupbookings.com\/deco-fleur\">Hier Geht&#8217;s zur Buchung<\/a><\/div>\n<\/div>\n\n\n\n<p><\/p>\n\n\n\n<figure class=\"wp-block-gallery has-nested-images columns-default is-cropped wp-block-gallery-1 is-layout-flex wp-block-gallery-is-layout-flex\">\n<figure class=\"wp-block-image size-large is-style-rounded\"><img decoding=\"async\" data-id=\"1072\" src=\"https:\/\/www.deco-fleur.de\/wp-content\/uploads\/2024\/09\/Firmung-edited.jpg\" alt=\"\" class=\"wp-image-1072\"\/><\/figure>\n\n\n<div class=\"wp-block-image is-style-rounded\">\n<figure class=\"alignleft size-large\"><img loading=\"lazy\" decoding=\"async\" width=\"275\" height=\"183\" data-id=\"1065\" src=\"https:\/\/www.deco-fleur.de\/wp-content\/uploads\/2024\/09\/Taufe.jpg\" alt=\"\" class=\"wp-image-1065\" srcset=\"https:\/\/www.deco-fleur.de\/wp-content\/uploads\/2024\/09\/Taufe.jpg 275w, https:\/\/www.deco-fleur.de\/wp-content\/uploads\/2024\/09\/Taufe-150x100.jpg 150w\" sizes=\"auto, (max-width: 275px) 100vw, 275px\" \/><\/figure>\n<\/div><\/figure>\n","protected":false},"excerpt":{"rendered":"<p>Hier K\u00f6nnen Sie Einen Termin f\u00fcr die Beratung zu Ihrer Hochzeit, die Taufe des Kindes, Die Beerdigung ihrer Liebsten und Angeh\u00f6rigen, die Konfirmation , Kommunion und Firmung, oder ein Firmenevent\/Feier oder selbst den Geburtstag einet Tollen Person mit Planen. Bitte Beachten Sie das wir uns F\u00fcr die Beratung die ja auch zeit in Anspruch nimmt &hellip; <\/p>\n","protected":false},"author":1,"featured_media":0,"parent":0,"menu_order":0,"comment_status":"closed","ping_status":"closed","template":"","meta":{"_monsterinsights_skip_tracking":false,"_monsterinsights_sitenote_active":false,"_monsterinsights_sitenote_note":"","_monsterinsights_sitenote_category":0,"ngg_post_thumbnail":0,"footnotes":""},"class_list":["post-1060","page","type-page","status-publish","hentry"],"_links":{"self":[{"href":"https:\/\/www.deco-fleur.de\/index.php?rest_route=\/wp\/v2\/pages\/1060","targetHints":{"allow":["GET"]}}],"collection":[{"href":"https:\/\/www.deco-fleur.de\/index.php?rest_route=\/wp\/v2\/pages"}],"about":[{"href":"https:\/\/www.deco-fleur.de\/index.php?rest_route=\/wp\/v2\/types\/page"}],"author":[{"embeddable":true,"href":"https:\/\/www.deco-fleur.de\/index.php?rest_route=\/wp\/v2\/users\/1"}],"replies":[{"embeddable":true,"href":"https:\/\/www.deco-fleur.de\/index.php?rest_route=%2Fwp%2Fv2%2Fcomments&post=1060"}],"version-history":[{"count":6,"href":"https:\/\/www.deco-fleur.de\/index.php?rest_route=\/wp\/v2\/pages\/1060\/revisions"}],"predecessor-version":[{"id":1073,"href":"https:\/\/www.deco-fleur.de\/index.php?rest_route=\/wp\/v2\/pages\/1060\/revisions\/1073"}],"wp:attachment":[{"href":"https:\/\/www.deco-fleur.de\/index.php?rest_route=%2Fwp%2Fv2%2Fmedia&parent=1060"}],"curies":[{"name":"wp","href":"https:\/\/api.w.org\/{rel}","templated":true}]}}