{"id":45,"date":"2019-11-08T21:14:33","date_gmt":"2019-11-08T21:14:33","guid":{"rendered":"http:\/\/deco-fleur.de\/?page_id=45"},"modified":"2023-10-25T09:40:37","modified_gmt":"2023-10-25T09:40:37","slug":"home","status":"publish","type":"page","link":"https:\/\/www.deco-fleur.de\/","title":{"rendered":"Home"},"content":{"rendered":"\n<h2 class=\"has-text-align-center wp-block-heading\"><strong><em>Blumen und Pflanzen bereichern unser Leben und sorgen das ganze Jahr \u00fcber f\u00fcr sch\u00f6ne Akzente.<\/em><\/strong><\/h2>\n\n\n\n<p><em>Wir von Deco &amp; Fleur fertigen florale Arrangements und kreative Werkst\u00fccke nach Ihren W\u00fcnschen und zu jedem Anlass an.<\/em><\/p>\n\n\n\n<p><em>Wundersch\u00f6ne Blumenstr\u00e4u\u00dfe, individuelle Hochzeitsfloristik, Dekorationen f\u00fcr Events und Veranstaltungen, Taufkr\u00e4nze, Eingangsdekorationen und vieles mehr.<\/em><\/p>\n\n\n\n<p><em>F\u00fcr Ihr Zuhause oder Gewerbe bieten wir Raumgestaltung, einladende Tischdekoration und ausgefallene Wandbegr\u00fcnung. Bepflanzte T\u00f6pfe und Schalen werden sowohl drinnen, als auch auf Balkon oder Terrasse zum H\u00f6hepunkt.<\/em><\/p>\n\n\n\n<p><em>Auch auf der Suche nach Bastelmaterial und Zubeh\u00f6r sind Sie bei uns genau richtig.<\/em><\/p>\n\n\n\n<p><em>In einem pers\u00f6nlichen Beratungsgespr\u00e4ch und mit viel Erfahrung finden wir sicher eine M\u00f6glichkeit, Ihre Vorstellung k\u00fcnstlerisch umzusetzen.<\/em><\/p>\n\n\n\n<p><em>Vereinbaren Sie einen Termin oder kommen Sie einfach vorbei.<\/em><\/p>\n\n\n\n<div class=\"wp-block-media-text alignwide is-stacked-on-mobile\" style=\"grid-template-columns:17% auto\"><figure class=\"wp-block-media-text__media\"><img decoding=\"async\" src=\"https:\/\/www.deco-fleur.de\/wp-content\/uploads\/2020\/04\/neu-1.1.png\" alt=\"\" class=\"wp-image-720 size-full\"\/><\/figure><div class=\"wp-block-media-text__content\">\n<p style=\"font-size:27px\"><em>Wir Freuen uns auf Sie !<\/em><\/p>\n<\/div><\/div>\n","protected":false},"excerpt":{"rendered":"<p>Blumen und Pflanzen bereichern unser Leben und sorgen das ganze Jahr \u00fcber f\u00fcr sch\u00f6ne Akzente. Wir von Deco &amp; Fleur fertigen florale Arrangements und kreative Werkst\u00fccke nach Ihren W\u00fcnschen und zu jedem Anlass an. Wundersch\u00f6ne Blumenstr\u00e4u\u00dfe, individuelle Hochzeitsfloristik, Dekorationen f\u00fcr Events und Veranstaltungen, Taufkr\u00e4nze, Eingangsdekorationen und vieles mehr. F\u00fcr Ihr Zuhause oder Gewerbe bieten wir &hellip; <\/p>\n","protected":false},"author":1,"featured_media":0,"parent":0,"menu_order":0,"comment_status":"closed","ping_status":"closed","template":"","meta":{"_monsterinsights_skip_tracking":false,"_monsterinsights_sitenote_active":false,"_monsterinsights_sitenote_note":"","_monsterinsights_sitenote_category":0,"ngg_post_thumbnail":0,"footnotes":""},"class_list":["post-45","page","type-page","status-publish","hentry"],"_links":{"self":[{"href":"https:\/\/www.deco-fleur.de\/index.php?rest_route=\/wp\/v2\/pages\/45","targetHints":{"allow":["GET"]}}],"collection":[{"href":"https:\/\/www.deco-fleur.de\/index.php?rest_route=\/wp\/v2\/pages"}],"about":[{"href":"https:\/\/www.deco-fleur.de\/index.php?rest_route=\/wp\/v2\/types\/page"}],"author":[{"embeddable":true,"href":"https:\/\/www.deco-fleur.de\/index.php?rest_route=\/wp\/v2\/users\/1"}],"replies":[{"embeddable":true,"href":"https:\/\/www.deco-fleur.de\/index.php?rest_route=%2Fwp%2Fv2%2Fcomments&post=45"}],"version-history":[{"count":10,"href":"https:\/\/www.deco-fleur.de\/index.php?rest_route=\/wp\/v2\/pages\/45\/revisions"}],"predecessor-version":[{"id":983,"href":"https:\/\/www.deco-fleur.de\/index.php?rest_route=\/wp\/v2\/pages\/45\/revisions\/983"}],"wp:attachment":[{"href":"https:\/\/www.deco-fleur.de\/index.php?rest_route=%2Fwp%2Fv2%2Fmedia&parent=45"}],"curies":[{"name":"wp","href":"https:\/\/api.w.org\/{rel}","templated":true}]}}